{"id":7,"date":"2022-02-01T18:20:28","date_gmt":"2022-02-01T18:20:28","guid":{"rendered":"https:\/\/puravidax.com.br\/home\/?page_id=7"},"modified":"2025-01-25T11:14:31","modified_gmt":"2025-01-25T11:14:31","slug":"home","status":"publish","type":"page","link":"https:\/\/puravidax.com.br\/home\/","title":{"rendered":"Home"},"content":{"rendered":"\t\t<div data-elementor-type=\"wp-page\" data-elementor-id=\"7\" class=\"elementor elementor-7\" data-elementor-post-type=\"page\">\n\t\t\t\t\t\t<section class=\"elementor-section elementor-top-section elementor-element elementor-element-60c97c82 elementor-section-height-min-height elementor-section-boxed elementor-section-height-default elementor-section-items-middle\" data-id=\"60c97c82\" data-element_type=\"section\" data-e-type=\"section\" data-settings=\"{&quot;background_background&quot;:&quot;slideshow&quot;,&quot;background_motion_fx_mouseTrack_effect&quot;:&quot;yes&quot;,&quot;background_motion_fx_mouseTrack_speed&quot;:{&quot;unit&quot;:&quot;px&quot;,&quot;size&quot;:7.2,&quot;sizes&quot;:[]},&quot;background_slideshow_gallery&quot;:[{&quot;id&quot;:6922,&quot;url&quot;:&quot;https:\\\/\\\/puravidax.com.br\\\/home\\\/wp-content\\\/uploads\\\/2025\\\/01\\\/pipa-praia-1.jpg&quot;},{&quot;id&quot;:6923,&quot;url&quot;:&quot;https:\\\/\\\/puravidax.com.br\\\/home\\\/wp-content\\\/uploads\\\/2025\\\/01\\\/praia-da-Pipa-1.jpg&quot;},{&quot;id&quot;:6924,&quot;url&quot;:&quot;https:\\\/\\\/puravidax.com.br\\\/home\\\/wp-content\\\/uploads\\\/2025\\\/01\\\/praiadapipa-1.jpg&quot;}],&quot;background_slideshow_ken_burns&quot;:&quot;yes&quot;,&quot;background_slideshow_loop&quot;:&quot;yes&quot;,&quot;background_slideshow_slide_duration&quot;:5000,&quot;background_slideshow_slide_transition&quot;:&quot;fade&quot;,&quot;background_slideshow_transition_duration&quot;:500,&quot;background_slideshow_ken_burns_zoom_direction&quot;:&quot;in&quot;}\">\n\t\t\t\t\t\t\t<div class=\"elementor-background-overlay\"><\/div>\n\t\t\t\t\t\t\t<div class=\"elementor-container elementor-column-gap-no\">\n\t\t\t\t\t<div class=\"elementor-column elementor-col-100 elementor-top-column elementor-element elementor-element-106c45b1\" data-id=\"106c45b1\" data-element_type=\"column\" data-e-type=\"column\">\n\t\t\t<div class=\"elementor-widget-wrap elementor-element-populated\">\n\t\t\t\t\t\t<div class=\"elementor-element elementor-element-49bfe0dc elementor-invisible elementor-widget elementor-widget-elementskit-heading\" data-id=\"49bfe0dc\" data-element_type=\"widget\" data-e-type=\"widget\" data-settings=\"{&quot;_animation&quot;:&quot;zoomIn&quot;}\" data-widget_type=\"elementskit-heading.default\">\n\t\t\t\t\t<div class=\"ekit-wid-con\" ><div class=\"ekit-heading elementskit-section-title-wraper center   ekit_heading_tablet-   ekit_heading_mobile-\"><h2 class=\"ekit-heading--title elementskit-section-title \">COLECIONE MEM\u00d3RIAS! <\/h2><span class=\"ekit-heading--subtitle elementskit-section-subtitle  \">\n\t\t\t\t\t\tAgende seu passeio ou servi\u00e7os!\n\t\t\t\t\t<\/span><\/div><\/div>\t\t\t\t<\/div>\n\t\t\t\t<section class=\"elementor-section elementor-inner-section elementor-element elementor-element-5893d0d0 elementor-section-boxed elementor-section-height-default elementor-section-height-default\" data-id=\"5893d0d0\" data-element_type=\"section\" data-e-type=\"section\">\n\t\t\t\t\t\t<div class=\"elementor-container elementor-column-gap-default\">\n\t\t\t\t\t<div class=\"elementor-column elementor-col-100 elementor-inner-column elementor-element elementor-element-91d9d76\" data-id=\"91d9d76\" data-element_type=\"column\" data-e-type=\"column\">\n\t\t\t<div class=\"elementor-widget-wrap\">\n\t\t\t\t\t\t\t<\/div>\n\t\t<\/div>\n\t\t\t\t\t<\/div>\n\t\t<\/section>\n\t\t\t\t<section class=\"elementor-section elementor-inner-section elementor-element elementor-element-11eeba73 elementor-section-boxed elementor-section-height-default elementor-section-height-default\" data-id=\"11eeba73\" data-element_type=\"section\" data-e-type=\"section\">\n\t\t\t\t\t\t<div class=\"elementor-container elementor-column-gap-default\">\n\t\t\t\t\t<div class=\"elementor-column elementor-col-50 elementor-inner-column elementor-element elementor-element-b4d1953\" data-id=\"b4d1953\" data-element_type=\"column\" data-e-type=\"column\">\n\t\t\t<div class=\"elementor-widget-wrap elementor-element-populated\">\n\t\t\t\t\t\t<div class=\"elementor-element elementor-element-14b9b8c8 elementor-align-right elementor-align--tabletright elementor-align--mobilecenter elementor-widget elementor-widget-elementskit-button\" data-id=\"14b9b8c8\" data-element_type=\"widget\" data-e-type=\"widget\" data-settings=\"{&quot;motion_fx_motion_fx_scrolling&quot;:&quot;yes&quot;,&quot;motion_fx_motion_fx_mouse&quot;:&quot;yes&quot;,&quot;motion_fx_tilt_effect&quot;:&quot;yes&quot;,&quot;motion_fx_devices&quot;:[&quot;desktop&quot;,&quot;tablet&quot;,&quot;mobile&quot;],&quot;motion_fx_tilt_speed&quot;:{&quot;unit&quot;:&quot;px&quot;,&quot;size&quot;:4,&quot;sizes&quot;:[]}}\" data-widget_type=\"elementskit-button.default\">\n\t\t\t\t\t<div class=\"ekit-wid-con\" >\t\t<div class=\"ekit-btn-wraper\">\n\t\t\t\t\t\t\t<a href=\"https:\/\/puravidax.com.br\/home\/passeios\/\" class=\"elementskit-btn  whitespace--normal\" id=\"\">\n\t\t\t\t\tRESERVAS<i class=\"fasicon icon-chevron-right\"><\/i>\t\t\t\t<\/a>\n\t\t\t\t\t<\/div>\n        <\/div>\t\t\t\t<\/div>\n\t\t\t\t\t<\/div>\n\t\t<\/div>\n\t\t\t\t<div class=\"elementor-column elementor-col-50 elementor-inner-column elementor-element elementor-element-63d7f43\" data-id=\"63d7f43\" data-element_type=\"column\" data-e-type=\"column\">\n\t\t\t<div class=\"elementor-widget-wrap elementor-element-populated\">\n\t\t\t\t\t\t<div class=\"elementor-element elementor-element-4a2d4aed elementor-align-left elementor-align--mobileright elementor-widget elementor-widget-elementskit-button\" data-id=\"4a2d4aed\" data-element_type=\"widget\" data-e-type=\"widget\" data-settings=\"{&quot;motion_fx_motion_fx_mouse&quot;:&quot;yes&quot;,&quot;motion_fx_tilt_effect&quot;:&quot;yes&quot;,&quot;motion_fx_tilt_speed&quot;:{&quot;unit&quot;:&quot;px&quot;,&quot;size&quot;:4,&quot;sizes&quot;:[]}}\" data-widget_type=\"elementskit-button.default\">\n\t\t\t\t\t<div class=\"ekit-wid-con\" >\t\t<div class=\"ekit-btn-wraper\">\n\t\t\t\t\t\t\t<a href=\"https:\/\/puravidax.com.br\/home\/contato-2\/\" class=\"elementskit-btn  whitespace--normal\" id=\"\">\n\t\t\t\t\tCONTATO<i class=\"fasicon icon-chevron-right\"><\/i>\t\t\t\t<\/a>\n\t\t\t\t\t<\/div>\n        <\/div>\t\t\t\t<\/div>\n\t\t\t\t\t<\/div>\n\t\t<\/div>\n\t\t\t\t\t<\/div>\n\t\t<\/section>\n\t\t\t\t\t<\/div>\n\t\t<\/div>\n\t\t\t\t\t<\/div>\n\t\t<\/section>\n\t\t\t\t<section class=\"elementor-section elementor-top-section elementor-element elementor-element-87266e2 elementor-section-boxed elementor-section-height-default elementor-section-height-default\" data-id=\"87266e2\" data-element_type=\"section\" data-e-type=\"section\" id=\"reservar\">\n\t\t\t\t\t\t<div class=\"elementor-container elementor-column-gap-default\">\n\t\t\t\t\t<div class=\"elementor-column elementor-col-100 elementor-top-column elementor-element elementor-element-9e11344\" data-id=\"9e11344\" data-element_type=\"column\" data-e-type=\"column\">\n\t\t\t<div class=\"elementor-widget-wrap elementor-element-populated\">\n\t\t\t\t\t\t<div class=\"elementor-element elementor-element-824d92d elementor-widget elementor-widget-heading\" data-id=\"824d92d\" data-element_type=\"widget\" data-e-type=\"widget\" data-widget_type=\"heading.default\">\n\t\t\t\t\t<h2 class=\"elementor-heading-title elementor-size-default\">Passeios Dispon\u00edveis<\/h2>\t\t\t\t<\/div>\n\t\t\t\t<div class=\"elementor-element elementor-element-9ec1722 elementor-widget elementor-widget-jet-smart-filters-search\" data-id=\"9ec1722\" data-element_type=\"widget\" data-e-type=\"widget\" data-widget_type=\"jet-smart-filters-search.default\">\n\t\t\t\t<div class=\"elementor-widget-container\">\n\t\t\t\t\t<div class=\"jet-smart-filters-search jet-filter\"><div class=\"jet-search-filter\" data-query-type=\"_s\" data-query-var=\"query\" data-smart-filter=\"search\" data-filter-id=\"7503\" data-apply-type=\"ajax\" data-content-provider=\"jet-engine\" data-additional-providers=\"\" data-query-id=\"default\" data-active-label=\"\" data-layout-options=\"{&quot;show_label&quot;:&quot;&quot;,&quot;display_options&quot;:[]}\" data-query-var-suffix=\"search\">\n\t<div class=\"jet-search-filter__input-wrapper\">\n\t\t<input\n\t\t\tclass=\"jet-search-filter__input\"\n\t\t\ttype=\"search\"\n\t\t\tautocomplete=\"off\"\n\t\t\tname=\"query\"\n\t\t\tvalue=\"\"\n\t\t\tplaceholder=\"Search...\"\n\t\t\taria-label=\"Pesquisa\"\n\t\t\t\t\t>\n\t\t\t<\/div>\n\t<\/div>\n<\/div>\t\t\t\t<\/div>\n\t\t\t\t<\/div>\n\t\t\t\t\t<\/div>\n\t\t<\/div>\n\t\t\t\t\t<\/div>\n\t\t<\/section>\n\t\t\t\t<section class=\"elementor-section elementor-top-section elementor-element elementor-element-95c8c92 elementor-section-boxed elementor-section-height-default elementor-section-height-default\" data-id=\"95c8c92\" data-element_type=\"section\" data-e-type=\"section\">\n\t\t\t\t\t\t<div class=\"elementor-container elementor-column-gap-default\">\n\t\t\t\t\t<div class=\"elementor-column elementor-col-100 elementor-top-column elementor-element elementor-element-709bbdb\" data-id=\"709bbdb\" data-element_type=\"column\" data-e-type=\"column\">\n\t\t\t<div class=\"elementor-widget-wrap elementor-element-populated\">\n\t\t\t\t\t\t<div class=\"elementor-element elementor-element-e0e8f86 elementor-widget elementor-widget-jet-listing-grid\" data-id=\"e0e8f86\" data-element_type=\"widget\" data-e-type=\"widget\" data-settings=\"{&quot;columns&quot;:&quot;4&quot;,&quot;columns_mobile&quot;:&quot;1&quot;}\" data-widget_type=\"jet-listing-grid.default\">\n\t\t\t\t<div class=\"elementor-widget-container\">\n\t\t\t\t\t<div class=\"jet-listing-grid jet-listing-grid--lazy-load jet-listing jet-listing-grid-loading\" data-lazy-load=\"{&quot;offset&quot;:&quot;0px&quot;,&quot;post_id&quot;:7,&quot;queried_id&quot;:&quot;7|WP_Post&quot;}\"><div class=\"jet-listing-grid__loader\"><div class=\"jet-listing-grid__loader-spinner\"><\/div><\/div><\/div>\t\t\t\t<\/div>\n\t\t\t\t<\/div>\n\t\t\t\t\t<\/div>\n\t\t<\/div>\n\t\t\t\t\t<\/div>\n\t\t<\/section>\n\t\t\t\t<section class=\"elementor-section elementor-top-section elementor-element elementor-element-6374b4d9 elementor-section-boxed elementor-section-height-default elementor-section-height-default\" data-id=\"6374b4d9\" data-element_type=\"section\" data-e-type=\"section\">\n\t\t\t\t\t\t<div class=\"elementor-container elementor-column-gap-default\">\n\t\t\t\t\t<div class=\"elementor-column elementor-col-100 elementor-top-column elementor-element elementor-element-5873be4\" data-id=\"5873be4\" data-element_type=\"column\" data-e-type=\"column\">\n\t\t\t<div class=\"elementor-widget-wrap\">\n\t\t\t\t\t\t\t<\/div>\n\t\t<\/div>\n\t\t\t\t\t<\/div>\n\t\t<\/section>\n\t\t\t\t<section class=\"elementor-section elementor-top-section elementor-element elementor-element-95f3c9d elementor-section-boxed elementor-section-height-default elementor-section-height-default\" data-id=\"95f3c9d\" data-element_type=\"section\" data-e-type=\"section\" data-settings=\"{&quot;background_background&quot;:&quot;classic&quot;}\">\n\t\t\t\t\t\t<div class=\"elementor-container elementor-column-gap-default\">\n\t\t\t\t\t<div class=\"elementor-column elementor-col-50 elementor-top-column elementor-element elementor-element-52b7c83\" data-id=\"52b7c83\" data-element_type=\"column\" data-e-type=\"column\">\n\t\t\t<div class=\"elementor-widget-wrap elementor-element-populated\">\n\t\t\t\t\t\t<div class=\"elementor-element elementor-element-be8ac6f elementor-widget elementor-widget-image\" data-id=\"be8ac6f\" data-element_type=\"widget\" data-e-type=\"widget\" data-widget_type=\"image.default\">\n\t\t\t\t\t\t\t\t\t\t\t\t\t\t\t<img fetchpriority=\"high\" decoding=\"async\" width=\"800\" height=\"600\" src=\"https:\/\/puravidax.com.br\/home\/wp-content\/uploads\/2025\/01\/praiadapipa-1.jpg\" class=\"attachment-large size-large wp-image-6924\" alt=\"\" srcset=\"https:\/\/puravidax.com.br\/home\/wp-content\/uploads\/2025\/01\/praiadapipa-1.jpg 1024w, https:\/\/puravidax.com.br\/home\/wp-content\/uploads\/2025\/01\/praiadapipa-1-300x225.jpg 300w, https:\/\/puravidax.com.br\/home\/wp-content\/uploads\/2025\/01\/praiadapipa-1-768x576.jpg 768w, https:\/\/puravidax.com.br\/home\/wp-content\/uploads\/2025\/01\/praiadapipa-1-600x450.jpg 600w\" sizes=\"(max-width: 800px) 100vw, 800px\" \/>\t\t\t\t\t\t\t\t\t\t\t\t\t\t\t<\/div>\n\t\t\t\t\t<\/div>\n\t\t<\/div>\n\t\t\t\t<div class=\"elementor-column elementor-col-50 elementor-top-column elementor-element elementor-element-eed0080\" data-id=\"eed0080\" data-element_type=\"column\" data-e-type=\"column\">\n\t\t\t<div class=\"elementor-widget-wrap elementor-element-populated\">\n\t\t\t\t\t\t<div class=\"elementor-element elementor-element-41f1b78 elementor-widget elementor-widget-elementskit-heading\" data-id=\"41f1b78\" data-element_type=\"widget\" data-e-type=\"widget\" data-widget_type=\"elementskit-heading.default\">\n\t\t\t\t\t<div class=\"ekit-wid-con\" ><div class=\"ekit-heading elementskit-section-title-wraper text_left   ekit_heading_tablet-   ekit_heading_mobile-\"><h3 class=\"ekit-heading--title elementskit-section-title \">Mais do que uma experi\u00eancia!<\/h3><\/div><\/div>\t\t\t\t<\/div>\n\t\t\t\t<div class=\"elementor-element elementor-element-fec79ce elementor--star-style-star_fontawesome elementor-widget elementor-widget-star-rating\" data-id=\"fec79ce\" data-element_type=\"widget\" data-e-type=\"widget\" data-widget_type=\"star-rating.default\">\n\t\t\t\t\t\t\t<div class=\"elementor-star-rating__wrapper\">\n\t\t\t\t\t\t<div class=\"elementor-star-rating\" itemtype=\"http:\/\/schema.org\/Rating\" itemscope=\"\" itemprop=\"reviewRating\">\n\t\t\t\t<i class=\"elementor-star-full\" aria-hidden=\"true\">&#xE934;<\/i><i class=\"elementor-star-full\" aria-hidden=\"true\">&#xE934;<\/i><i class=\"elementor-star-full\" aria-hidden=\"true\">&#xE934;<\/i><i class=\"elementor-star-full\" aria-hidden=\"true\">&#xE934;<\/i><i class=\"elementor-star-full\" aria-hidden=\"true\">&#xE934;<\/i>\t\t\t\t<span itemprop=\"ratingValue\" class=\"elementor-screen-only\">Classificado como 5 de 5<\/span>\n\t\t\t<\/div>\n\t\t<\/div>\n\t\t\t\t\t\t<\/div>\n\t\t\t\t\t<\/div>\n\t\t<\/div>\n\t\t\t\t\t<\/div>\n\t\t<\/section>\n\t\t\t\t<\/div>\n\t\t","protected":false},"excerpt":{"rendered":"<p>COLECIONE MEM\u00d3RIAS! Agende seu passeio ou servi\u00e7os! RESERVAS CONTATO Passeios Dispon\u00edveis Mais do que uma experi\u00eancia! &#xE934;&#xE934;&#xE934;&#xE934;&#xE934; 5\/5<\/p>\n","protected":false},"author":123461,"featured_media":0,"parent":0,"menu_order":0,"comment_status":"closed","ping_status":"closed","template":"elementor_header_footer","meta":{"footnotes":""},"class_list":["post-7","page","type-page","status-publish","hentry"],"ams_acf":[],"yoast_head":"<!-- This site is optimized with the Yoast SEO Premium plugin v24.2 (Yoast SEO v24.3) - https:\/\/yoast.com\/wordpress\/plugins\/seo\/ -->\n<title>Home - Pura Vidax<\/title>\n<meta name=\"robots\" content=\"index, follow, max-snippet:-1, max-image-preview:large, max-video-preview:-1\" \/>\n<meta property=\"og:locale\" content=\"pt_BR\" \/>\n<meta property=\"og:type\" content=\"article\" \/>\n<meta property=\"og:title\" content=\"Home\" \/>\n<meta property=\"og:description\" content=\"COLECIONE MEM\u00d3RIAS! Agende seu passeio ou servi\u00e7os! RESERVAS CONTATO Passeios Dispon\u00edveis Mais do que uma experi\u00eancia! &#xE934;&#xE934;&#xE934;&#xE934;&#xE934; 5\/5\" \/>\n<meta property=\"og:url\" content=\"https:\/\/puravidax.com.br\/home\/\" \/>\n<meta property=\"og:site_name\" content=\"Pura Vidax\" \/>\n<meta property=\"article:modified_time\" content=\"2025-01-25T11:14:31+00:00\" \/>\n<meta property=\"og:image\" content=\"https:\/\/puravidax.com.br\/home\/wp-content\/uploads\/2025\/01\/praiadapipa-1.jpg\" \/>\n\t<meta property=\"og:image:width\" content=\"1024\" \/>\n\t<meta property=\"og:image:height\" content=\"768\" \/>\n\t<meta property=\"og:image:type\" content=\"image\/jpeg\" \/>\n<meta name=\"twitter:card\" content=\"summary_large_image\" \/>\n<meta name=\"twitter:label1\" content=\"Est. tempo de leitura\" \/>\n\t<meta name=\"twitter:data1\" content=\"5 minutos\" \/>\n<script type=\"application\/ld+json\" class=\"yoast-schema-graph\">{\"@context\":\"https:\/\/schema.org\",\"@graph\":[{\"@type\":\"WebPage\",\"@id\":\"https:\/\/puravidax.com.br\/home\/\",\"url\":\"https:\/\/puravidax.com.br\/home\/\",\"name\":\"Home - Pura Vidax\",\"isPartOf\":{\"@id\":\"https:\/\/puravidax.com.br\/home\/#website\"},\"primaryImageOfPage\":{\"@id\":\"https:\/\/puravidax.com.br\/home\/#primaryimage\"},\"image\":{\"@id\":\"https:\/\/puravidax.com.br\/home\/#primaryimage\"},\"thumbnailUrl\":\"https:\/\/puravidax.com.br\/home\/wp-content\/uploads\/2025\/01\/praiadapipa-1.jpg\",\"datePublished\":\"2022-02-01T18:20:28+00:00\",\"dateModified\":\"2025-01-25T11:14:31+00:00\",\"breadcrumb\":{\"@id\":\"https:\/\/puravidax.com.br\/home\/#breadcrumb\"},\"inLanguage\":\"pt-BR\",\"potentialAction\":[{\"@type\":\"ReadAction\",\"target\":[\"https:\/\/puravidax.com.br\/home\/\"]}]},{\"@type\":\"ImageObject\",\"inLanguage\":\"pt-BR\",\"@id\":\"https:\/\/puravidax.com.br\/home\/#primaryimage\",\"url\":\"https:\/\/puravidax.com.br\/home\/wp-content\/uploads\/2025\/01\/praiadapipa-1.jpg\",\"contentUrl\":\"https:\/\/puravidax.com.br\/home\/wp-content\/uploads\/2025\/01\/praiadapipa-1.jpg\",\"width\":1024,\"height\":768},{\"@type\":\"BreadcrumbList\",\"@id\":\"https:\/\/puravidax.com.br\/home\/#breadcrumb\",\"itemListElement\":[{\"@type\":\"ListItem\",\"position\":1,\"name\":\"In\u00edcio\",\"item\":\"https:\/\/puravidax.com.br\/home\/\"},{\"@type\":\"ListItem\",\"position\":2,\"name\":\"Home\"}]},{\"@type\":\"WebSite\",\"@id\":\"https:\/\/puravidax.com.br\/home\/#website\",\"url\":\"https:\/\/puravidax.com.br\/home\/\",\"name\":\"Pura Vidax\",\"description\":\"Agende seu passeio ou servi\u00e7o em uma das regi\u00f5es mais lindas do RN\",\"publisher\":{\"@id\":\"https:\/\/puravidax.com.br\/home\/#organization\"},\"potentialAction\":[{\"@type\":\"SearchAction\",\"target\":{\"@type\":\"EntryPoint\",\"urlTemplate\":\"https:\/\/puravidax.com.br\/home\/?s={search_term_string}\"},\"query-input\":{\"@type\":\"PropertyValueSpecification\",\"valueRequired\":true,\"valueName\":\"search_term_string\"}}],\"inLanguage\":\"pt-BR\"},{\"@type\":\"Organization\",\"@id\":\"https:\/\/puravidax.com.br\/home\/#organization\",\"name\":\"Pura Vidax\",\"url\":\"https:\/\/puravidax.com.br\/home\/\",\"logo\":{\"@type\":\"ImageObject\",\"inLanguage\":\"pt-BR\",\"@id\":\"https:\/\/puravidax.com.br\/home\/#\/schema\/logo\/image\/\",\"url\":\"https:\/\/puravidax.com.br\/home\/wp-content\/uploads\/2025\/01\/logowordpress.png\",\"contentUrl\":\"https:\/\/puravidax.com.br\/home\/wp-content\/uploads\/2025\/01\/logowordpress.png\",\"width\":1312,\"height\":472,\"caption\":\"Pura Vidax\"},\"image\":{\"@id\":\"https:\/\/puravidax.com.br\/home\/#\/schema\/logo\/image\/\"}}]}<\/script>\n<!-- \/ Yoast SEO Premium plugin. -->","yoast_head_json":{"title":"Home - Pura Vidax","robots":{"index":"index","follow":"follow","max-snippet":"max-snippet:-1","max-image-preview":"max-image-preview:large","max-video-preview":"max-video-preview:-1"},"og_locale":"pt_BR","og_type":"article","og_title":"Home","og_description":"COLECIONE MEM\u00d3RIAS! Agende seu passeio ou servi\u00e7os! RESERVAS CONTATO Passeios Dispon\u00edveis Mais do que uma experi\u00eancia! &#xE934;&#xE934;&#xE934;&#xE934;&#xE934; 5\/5","og_url":"https:\/\/puravidax.com.br\/home\/","og_site_name":"Pura Vidax","article_modified_time":"2025-01-25T11:14:31+00:00","og_image":[{"width":1024,"height":768,"url":"https:\/\/puravidax.com.br\/home\/wp-content\/uploads\/2025\/01\/praiadapipa-1.jpg","type":"image\/jpeg"}],"twitter_card":"summary_large_image","twitter_misc":{"Est. tempo de leitura":"5 minutos"},"schema":{"@context":"https:\/\/schema.org","@graph":[{"@type":"WebPage","@id":"https:\/\/puravidax.com.br\/home\/","url":"https:\/\/puravidax.com.br\/home\/","name":"Home - Pura Vidax","isPartOf":{"@id":"https:\/\/puravidax.com.br\/home\/#website"},"primaryImageOfPage":{"@id":"https:\/\/puravidax.com.br\/home\/#primaryimage"},"image":{"@id":"https:\/\/puravidax.com.br\/home\/#primaryimage"},"thumbnailUrl":"https:\/\/puravidax.com.br\/home\/wp-content\/uploads\/2025\/01\/praiadapipa-1.jpg","datePublished":"2022-02-01T18:20:28+00:00","dateModified":"2025-01-25T11:14:31+00:00","breadcrumb":{"@id":"https:\/\/puravidax.com.br\/home\/#breadcrumb"},"inLanguage":"pt-BR","potentialAction":[{"@type":"ReadAction","target":["https:\/\/puravidax.com.br\/home\/"]}]},{"@type":"ImageObject","inLanguage":"pt-BR","@id":"https:\/\/puravidax.com.br\/home\/#primaryimage","url":"https:\/\/puravidax.com.br\/home\/wp-content\/uploads\/2025\/01\/praiadapipa-1.jpg","contentUrl":"https:\/\/puravidax.com.br\/home\/wp-content\/uploads\/2025\/01\/praiadapipa-1.jpg","width":1024,"height":768},{"@type":"BreadcrumbList","@id":"https:\/\/puravidax.com.br\/home\/#breadcrumb","itemListElement":[{"@type":"ListItem","position":1,"name":"In\u00edcio","item":"https:\/\/puravidax.com.br\/home\/"},{"@type":"ListItem","position":2,"name":"Home"}]},{"@type":"WebSite","@id":"https:\/\/puravidax.com.br\/home\/#website","url":"https:\/\/puravidax.com.br\/home\/","name":"Pura Vidax","description":"Agende seu passeio ou servi\u00e7o em uma das regi\u00f5es mais lindas do RN","publisher":{"@id":"https:\/\/puravidax.com.br\/home\/#organization"},"potentialAction":[{"@type":"SearchAction","target":{"@type":"EntryPoint","urlTemplate":"https:\/\/puravidax.com.br\/home\/?s={search_term_string}"},"query-input":{"@type":"PropertyValueSpecification","valueRequired":true,"valueName":"search_term_string"}}],"inLanguage":"pt-BR"},{"@type":"Organization","@id":"https:\/\/puravidax.com.br\/home\/#organization","name":"Pura Vidax","url":"https:\/\/puravidax.com.br\/home\/","logo":{"@type":"ImageObject","inLanguage":"pt-BR","@id":"https:\/\/puravidax.com.br\/home\/#\/schema\/logo\/image\/","url":"https:\/\/puravidax.com.br\/home\/wp-content\/uploads\/2025\/01\/logowordpress.png","contentUrl":"https:\/\/puravidax.com.br\/home\/wp-content\/uploads\/2025\/01\/logowordpress.png","width":1312,"height":472,"caption":"Pura Vidax"},"image":{"@id":"https:\/\/puravidax.com.br\/home\/#\/schema\/logo\/image\/"}}]}},"_links":{"self":[{"href":"https:\/\/puravidax.com.br\/home\/wp-json\/wp\/v2\/pages\/7","targetHints":{"allow":["GET"]}}],"collection":[{"href":"https:\/\/puravidax.com.br\/home\/wp-json\/wp\/v2\/pages"}],"about":[{"href":"https:\/\/puravidax.com.br\/home\/wp-json\/wp\/v2\/types\/page"}],"author":[{"embeddable":true,"href":"https:\/\/puravidax.com.br\/home\/wp-json\/wp\/v2\/users\/123461"}],"replies":[{"embeddable":true,"href":"https:\/\/puravidax.com.br\/home\/wp-json\/wp\/v2\/comments?post=7"}],"version-history":[{"count":228,"href":"https:\/\/puravidax.com.br\/home\/wp-json\/wp\/v2\/pages\/7\/revisions"}],"predecessor-version":[{"id":7597,"href":"https:\/\/puravidax.com.br\/home\/wp-json\/wp\/v2\/pages\/7\/revisions\/7597"}],"wp:attachment":[{"href":"https:\/\/puravidax.com.br\/home\/wp-json\/wp\/v2\/media?parent=7"}],"curies":[{"name":"wp","href":"https:\/\/api.w.org\/{rel}","templated":true}]}}